the hundreds digit of c?
1
Let u(i) = -i**2 - 14*i - 33. Let s be u(-11). Suppose s = 7*p - 1662 - 284. What is the hundreds digit of p?
2
Let s(w) = -w + 7. Let v be s(7). Suppose 5*l - 365 = -v*l. What is the units digit of l?
3
Let g(n) = 10*n - 1 - 15*n**2 - 12*n**2 + 26*n**2 + 10. Let j be g(9). Let c = j + -17. What is the units digit of c?
1
Let o(d) = -4*d + 235. Let v(t) = -5*t + 235. Let s(x) = 6*o(x) - 5*v(x). What is the hundreds digit of s(0)?
2
Let z(x) be the third derivative of -x**6/120 - 2*x**5/15 + 7*x**4/24 - 13*x**3/6 - x**2. Let b be z(-9). Suppose 6*v = 5*v + b. What is the units digit of v?
5
Suppose 16*a = 25*a - 1755. What is the hundreds digit of a?
1
Suppose 0 = -3*n + 6*w - w + 811, -5*w + 1093 = 4*n. What is the units digit of n?
2
Let o(l) = 4*l**3 - 6*l**2 - l + 6. Let k be o(6). Suppose -12*p + k = -3*p. What is the tens digit of p?
7
Let r(v) = 4*v**2 + 44*v + 41. What is the tens digit of r(-17)?
4
Suppose -h - 5*t - 14 = 1, -5*h = -3*t - 65. Let p = -22 + h. What is the units digit of 56/p*(-36)/14?
2
Suppose 6 = -9*r + 771. Let b = r - -174. What is the hundreds digit of b?
2
Suppose -2*u + 28 = -5*v, -6*u + 3*u - v + 8 = 0. Suppose -u*z - 20 = -0*z - 4*k, 2*z + k = 5. Suppose -10*r + 5*r + 20 = z. What is the units digit of r?
4
Suppose 8557 = 23*a + 1243. What is the tens digit of a?
1
Let c be 300135/44 - 6/(-8). What is the tens digit of c/45 + (-2)/(-5)?
5
Suppose -3*d + 1178 = -c, 0 = d - 4*c + 3*c - 394. What is the hundreds digit of d?
3
Let w be (-4 - (-4 - 3)) + 465. Suppose 66*d - 62*d - w = 0. What is the tens digit of d?
1
Suppose -4*u + 770 = -810. Suppose 0 = 5*b - 5, 3*r + 3*b - u = 7*b. What is the units digit of r?
3
Let y be (0/(-2))/2*(-11)/22. Suppose 3*d - 80 - 49 = y. What is the units digit of d?
3
Let x(j) = -3*j - 12. Let l be x(-5). Suppose -l = 4*v - 15. Suppose -2*h - c = -v*c - 110, 2*c - 52 = -h. What is the units digit of h?
4
What is the hundreds digit of (-10)/(-1) - (-2242 + 66)?
1
Let v(m) = -m**2 - 4*m - 2. Let p be v(-4). Let j(r) = 2*r**2 + 3*r + 3. Let a be j(p). Let l = 15 - a. What is the tens digit of l?
1
Suppose -g + 2*o - 4 + 0 = 0, 3*o = -2*g - 29. Let u be g/65 - 15/(-13). Suppose u = 3*d - 5*q - 54, 0 = q - 4. What is the units digit of d?
5
Suppose -82*n + 17526 = -59*n. What is the units digit of n?
2
Suppose 0 = 2*t - i - 1, i + 14 = 5*t + 4. Suppose -10 = 5*g, 0*g + 3*g - t = -3*w. Suppose -20 = k - w*k. What is the tens digit of k?
1
Let y(s) = 4*s**3 - 7*s**2 - 4*s - 1. Let a(p) = 5*p**3 - 7*p**2 - 5*p - 1. Let n(o) = 5*a(o) - 6*y(o). What is the tens digit of n(-5)?
5
Let h(m) = -m**2 - 42*m - 143. What is the units digit of h(-27)?
2
Suppose -6*j - 4066 = -4*u, 0 = 3*j + 7 - 16. What is the thousands digit of u?
1
Suppose -3*d - 17 = 28. Let y be 2/d - (-24)/180. Let x = y - -15. What is the tens digit of x?
1
Suppose -2*x - 7*n = -6*n - 1149, -2*n = -4*x + 2302. What is the hundreds digit of x?
5
Suppose -2844 = 15*p - 19*p. What is the hundreds digit of p?
7
Suppose -49*h = -60*h + 1650. What is the hundreds digit of h?
1
Suppose -3*t = 2*a - 6609, -4*t - 3*a + 6924 + 1888 = 0. What is the thousands digit of t?
2
What is the units digit of (279*(4 - 5))/(-1)?
9
Suppose 5*s - 2*s - 71 = 4*y, 5*s + 115 = -5*y. Let z = 72 - y. What is the tens digit of z?
9
Suppose -28*l + 31*l - 213 = 0. What is the units digit of l?
1
Let o(m) = m**2 - 6*m + 8. Let f be o(5). Suppose 0*z - 2*y - 10 = 4*z, -f*z - 5*y = 11. What is the units digit of (-1)/z*24*4?
8
Let l be (-55)/(-15) - (-4)/(-6). Let n be 12/(-9) - (-4)/l. Suppose n = 5*b - s - 205, 0 = -4*b + 5*s + 3 + 182. What is the units digit of b?
0
Let j = 126 + 7. Let y = -29 + j. Suppose i + 0*i + y = 4*f, 4*f + 3*i = 88. What is the units digit of f?
5
Let k = 19 - 17. What is the tens digit of (k/(-3))/(10/(-525))?
3
Let o(f) = -496*f - 562. What is the tens digit of o(-6)?
1
Suppose -4*l + 1 = 3*b, b + l = -l - 1. What is the tens digit of 12/(-8)*(-418)/b?
0
Suppose 5 + 7 = 3*j. Suppose -338 = -j*h - 2*k, -4*h + 8*h = -3*k + 341. What is the tens digit of h?
8
Let g(b) = b**3 + 7*b**2 - b - 9. Let h be g(-7). What is the units digit of (52/65)/(h/(-20))?
8
Let u(w) = 8*w**2 + 11*w - 6. Let f be u(-8). Suppose 5*k + f = -37. Let i = -20 - k. What is the units digit of i?
1
Suppose 8*i - 11 = 13. Suppose -i*z - 58 = -208. What is the tens digit of z?
5
What is the thousands digit of -2 + (-57)/(-24) - (-50698)/16?
3
Let a be -4 + 7 + 1 + -47. Let h be a/((3 - 6)/(-6)). Let g = h - -137. What is the units digit of g?
1
What is the hundreds digit of 2/8 + 7855/20 + -3?
3
Suppose 0 = -30*n + 3050 + 460. What is the tens digit of n?
1
Let f(i) = i**3 + 5*i**2 - 2*i - 4. Let a be f(-4). Let x be 1179/15 + (-2)/(-5). Suppose -r + x = 3*w - a, -5*r + 121 = 4*w. What is the tens digit of w?
3
Let y(v) = -3*v**2 + 8*v - 7. Let o be 1 + (-8)/4 + 7. Let r be y(o). Let m = -39 - r. What is the units digit of m?
8
Let s be -1*381*1/(-3). Let v = -178 + s. Let m = v + 73. What is the tens digit of m?
2
Suppose -4*i - 540 = -6*i. Suppose 7*o = 2*o + i. What is the units digit of o?
4
What is the tens digit of ((-1900)/(-450))/((-2)/(-9))?
1
Suppose -3*z - u + 3*u + 8 = 0, u - 2 = 0. Suppose 27 = z*a + 11. Suppose -2*q - 39 = -5*r, 5*r - 29 = q - a*q. What is the units digit of r?
7
Let k be (3 - (-22)/(-8)) + (-254)/(-8). Suppose z + 6 + 42 = 3*i, -2*i - z = -k. What is the units digit of i?
6
What is the tens digit of 9/(-6)*(-14 - (-70564)/(-39))?
3
Suppose -386*h = -397*h + 7524. What is the hundreds digit of h?
6
Let q = -54 - -60. What is the units digit of (16/q)/(6/207)?
2
Let s = 711 - 361. What is the tens digit of s?
5
Suppose -i + 3*i = -5*z, -5*i = 4*z + 17. Suppose y + z = 3*y. What is the units digit of y?
1
Suppose -306 - 27 = -9*d. Suppose l - 46 = -5*n - 17, -d = -3*l - 5*n. What is the units digit of l?
4
Let i(t) = -80*t - 72. What is the units digit of i(-6)?
8
Let n = 30 + -61. Let z = n + 63. Suppose 29*p - z*p = -72. What is the units digit of p?
4
Suppose -378 = 3*a - 10*a. What is the units digit of a?
4
Let q = -139 + 62. Let j = q + 189. What is the units digit of j?
2
Suppose 4*q - 4*k - 10804 = 0, -2*q + 6977 - 1561 = 5*k. What is the hundreds digit of q?
7
Let b be 138/(-9) - (-1)/3. Let z be ((-358)/(-5))/(3/b). What is the units digit of z/(-9) + 12/54?
0
Suppose 3*g - 5*p - 1892 = -3*p, -p = -5. Suppose -g = -5*v + 4*z, -5*v - 7*z + 4*z + 627 = 0. What is the units digit of v?
6
Suppose 0 = 9*r - 11*r. Suppose l + 3*s = s + 87, -3*l + 2*s + 285 = r. What is the units digit of l?
3
Suppose 3*t - 4*t + 5 = 0, -3*t = -5*h + 90. Suppose 6 + 3 = -b + 2*y, -4*b + 3*y - h = 0. Let o(n) = 3*n**2 + 3*n + 3. What is the units digit of o(b)?
1
Let t = -901 + 1425. What is the hundreds digit of t?
5
Let c be (-96)/(-2) + (-1 - 0). What is the tens digit of -1 + -2 + 2 + c?
4
Let y = 48 + -48. Suppose y = -14*p + 6*p + 1592. What is the units digit of p?
9
What is the thousands digit of (63/9)/(-7) - -3693?
3
Let f = -150 - -668. What is the hundreds digit of f?
5
Let u(x) = -18*x - 19. Let n be u(-3). Suppose 306 = 37*m - n*m. What is the units digit of m?
3
Let l = -26 - -14. Let a be 3/4 + (-63)/l. Suppose 2*k - 32 = a. What is the tens digit of k?
1
Suppose -2*q = -7 + 3. Suppose q*g = 5*v - 205, -4*v + 4*g = -66 - 98. Let t = v + 17. What is the units digit of t?
8
Suppose -70 = -3*z + 5*q, -3*z + 22 = -3*q - 38. Let b = -15 + z. Suppose 4*p + 20 - 152 = b. What is the units digit of p?
3
Suppose 2*b = -4*g + 108, -87 = -5*g + 3*b + 37. Let p = -9 + g. What is the units digit of p?
7
Let w(f) be the first derivative of -f**4/4 - 5*f**3/3 - f**2 + 18. Suppose -9 = 3*n + 6. What is the tens digit of w(n)?
1
Suppose -g + 3*y + 437 = 0, -3*g + 1299 - 12 = 3*y. What is the units digit of g?
1
Let h(d) = 2*d**3 - 6*d**2 - 2*d - 2. Let r(g) = g**2 + g + 1. Let o(t) = h(t) + 2*r(t). Let k be 4 + 2/(-2*1). What is the units digit of o(k)?
8
Let n(k) = -k**3 + 62*k**2 + 84*k + 87. What is the tens digit of n(62)?
9
Let m(x) = -2*x - 5. Let v be m(-10). Let q be -2*v + (-2)/(-2). Let b = 58 + q. What is the tens digit of b?
2
Let r(g) = 33*g**2 - 7*g + 13. Let n(o) = 17*o**2 - 4*o + 7. Let x(j) = -11*